 = 0, -3*u = 2*z - 0*u - 22. What are the prime factors of z?
11
Let f(m) = 3*m - 3. Let d be f(-4). What are the prime factors of (-1 - d) + (6 - 7)?
13
Suppose 0 = -6*b - 266 - 184. Let v(c) = 4*c - 1. Let d be v(2). What are the prime factors of 4/14 - b/d?
11
Suppose -7*k = -2*k - 485. Suppose 0 = 4*d - 3*g - 73, 2*d - 2*g = 7*d - k. List the prime factors of d.
19
Suppose -7 = 3*h - 52. Suppose -2*z + h = s, -z = 2*z - 5*s - 3. List the prime factors of z.
2, 3
Suppose -3 = -3*s - 6. Let j = -2 - s. List the prime factors of -1 - (-7 + j + -2).
3
Suppose -5*u + 4*s = -337, 5*u - 7*s = -2*s + 340. What are the prime factors of u?
5, 13
Let o be (36/(-16))/(2/8). Let d(w) = -4*w + 6. What are the prime factors of d(o)?
2, 3, 7
Suppose -3*d - 3*l + 441 = 0, 0 = -3*d - 0*l + l + 457. What are the prime factors of d?
151
Let o be -5*(33/15 - 3). Suppose 7 - 71 = -o*u. List the prime factors of u.
2
Let w(h) = -h - 2. Suppose 5*o - f + 102 = 36, -2*o - 3*f - 23 = 0. Let p = -23 - o. List the prime factors of w(p).
2
Let v(h) = -h + 4. Let a be v(4). Suppose 4*d + 1 - 13 = a. List the prime factors of d.
3
Let x = -22 + 51. List the prime factors of x.
29
Suppose 2*l = v + 208, -5*l - 2*v = 3*v - 490. What are the prime factors of l?
2, 3, 17
Let m = -152 + 218. List the prime factors of m.
2, 3, 11
Let y(a) = a. Let k = -5 + 10. Let m be y(k). Suppose 5*p = 4*x - 25, m*p - 25 = -5*x - 5. List the prime factors of x.
5
Let b = 39 - 27. Suppose -2*w - 2*w + b = 0. Suppose 2*j - 4*d = j + 21, -j = 2*d + w. List the prime factors of j.
5
Suppose 8*d - 3*d + 47 = -2*x, d + 5*x + 14 = 0. Let k(s) = -s**3 - 10*s**2 - 10*s - 5. Let q be k(d). Suppose f + q*f = 50. What are the prime factors of f?
2, 5
Let l = 6 + -2. Let o be 0 + 0 - (2 - 2). Suppose 5*k - 42 = -i - i, o = 2*i - l*k - 6. List the prime factors of i.
11
Let f = -82 + 140. What are the prime factors of f?
2, 29
Let q(a) = -a**3 - 2*a**3 + 3*a**3 - 10*a**2 - 9*a + a**3. What are the prime factors of q(11)?
2, 11
Let k = -51 + 138. What are the prime factors of k?
3, 29
Suppose b - 6 = -3*m, m - 4*b = 3 - 1. Suppose -6*p + 12 = -m*p. List the prime factors of p.
3
Suppose 0 = 3*k - 2*h - 4, k - 5*h = -16 - 0. Suppose -k*b + 3*b = -28. List the prime factors of b.
2, 7
Suppose -v + 13 = -0*v - y, -97 = -5*v - 3*y. What are the prime factors of v?
17
Let z = 75 - 47. Let a = 27 + -25. Suppose a*v + 10 = z. What are the prime factors of v?
3
Let c(t) = -t**3 + 11*t**2 + 15*t + 15. What are the prime factors of c(12)?
3, 17
Let b(y) = y**2 - 3*y + 9. List the prime factors of b(11).
97
Let l = -342 - -622. What are the prime factors of l?
2, 5, 7
Let f(g) = -g**3 - 7*g**2 + 2*g + 8. Let q be f(-7). Let w = 18 + q. List the prime factors of w.
2, 3
Let p = 1 - 8. Let n = p - -16. List the prime factors of n.
3
Let d = 7 + -3. Suppose 3*p = -0*z + d*z + 19, -5*z - 21 = -p. Suppose -p - 11 = -t. List the prime factors of t.
2, 3
Let d(o) = -o**2 - 14*o + 3. List the prime factors of d(-12).
3
Suppose 11 = r - 4*v, 0 = -5*v + 5. Suppose 0 + 8 = -4*g. List the prime factors of g/(-8) - r/(-4).
2
Suppose 5*u - 10*u = -1775. What are the prime factors of u?
5, 71
Suppose 3*h + 9 = -2*m, 2*m + 4*h = -2 - 10. Let o be (-2 + m/(-1))*1. Let i = o + 10. What are the prime factors of i?
2
Let i(y) = -y + 12. What are the prime factors of i(9)?
3
Let v(c) = c + 5. Let j be v(-6). Let n(z) = 43*z**2 - z. List the prime factors of n(j).
2, 11
Suppose 0*v = -v. Suppose v = 2*i - 15 - 7. List the prime factors of i.
11
Let f(n) = 34*n**2 + 2*n - 2. Let a be f(1). Suppose 0*c - a = -c. List the prime factors of c.
2, 17
Let o(b) = b**2 - b + 5. Let p be o(0). Let x be (6/p)/(3/10). List the prime factors of (-4*18/x)/(-2).
3
Let s = -67 - -103. List the prime factors of s.
2, 3
Suppose -42 = -5*d - 527. Let b = -64 - d. What are the prime factors of b?
3, 11
Suppose -1664 = -0*l - l. List the prime factors of (-6)/10 + l/40.
41
Let n(k) = -k**2 + k - 3. Let f be n(7). List the prime factors of (-2)/(-5) + (-1197)/f.
3
Let w(o) = 3*o + 8. Let x(v) = 6*v + 17. Let q(u) = 5*w(u) - 3*x(u). Suppose 0 = -3*d + 15, 0 = -4*j - 2*d + 2 - 24. List the prime factors of q(j).
13
Let z(x) = -x**3 + 8*x**2 - x + 10. Let q be z(8). Suppose 2*f = q*d + 6*f, 0 = -4*d + f. Suppose 14 = t - d*t. List the prime factors of t.
2, 7
Let g = 9 + -8. Let r = 0 - 4. List the prime factors of (g - 5)/(2/r).
2
Let d = -85 + 125. Suppose -2*s - d = -5*p, -3*p - 2*s = -0*p - 40. What are the prime factors of p?
2, 5
Suppose 71 = 4*q - u, 10 + 12 = 2*q + 4*u. Suppose -4*h = -1 + q, 2*a - 18 = 3*h. What are the prime factors of (a - 0)/((-6)/(-32))?
2
Suppose 0 = -3*u + 2*u + 31. Suppose -5*y = 4*f - u, 0 = -4*y + 4*f + 4 - 8. Suppose v + 1 = y. What are the prime factors of v?
2
Suppose -5*f - 143 = -x, -77 - 61 = -x + 4*f. List the prime factors of x.
2, 59
Let n be (-1)/(-4) + (-327)/12. Let p = n - -38. What are the prime factors of p?
11
Let x(s) = -s**3 + 22*s**2 - 38*s - 26. Let l be x(20). Let z = 6 - 1. Suppose l = -i + z*p - 10*p, 0 = -i - 2*p - 2. What are the prime factors of i?
2, 3
Suppose k - 4*t = -2*k + 10, -5*t - 1 = 2*k. Suppose 2*x = -k*g + 26, 5*g + 0*x - 59 = -3*x. Suppose -25 = -5*f + g. What are the prime factors of f?
7
List the prime factors of 38 + (4 - 0) + -3.
3, 13
Let k(s) = -5*s. Let r be k(-2). List the prime factors of 32/r - 2/10.
3
Let h(o) = 2*o**2 - 2*o - 7. List the prime factors of h(5).
3, 11
Let c = -69 - -154. List the prime factors of c.
5, 17
Suppose 3*g - 2*g = 2. Suppose -6 = -2*a + g. Suppose a*o - 2*o = 22. What are the prime factors of o?
11
Let r(y) = y**3 - 2*y**2 + 4*y - 3. Let c be r(2). Let x(z) = -3*z**2 + 5*z + 4*z**2 - c - 3*z. What are the prime factors of x(-5)?
2, 5
Let m(i) = -2*i + 7. Let p be m(3). List the prime factors of (-20 + 1)/(p - 2).
19
Suppose 2*o = -b + 127, 264 = 5*o - 4*b - 34. List the prime factors of o.
2, 31
Let w(p) be the third derivative of -p**6/120 + 7*p**5/60 - p**4/3 + 7*p**3/6 + 2*p**2. Let y be w(6). List the prime factors of (-58)/y + 9/(-15).
11
Let x(c) = -c**3 - 4*c**2 + 7*c + 5. Let r be x(-5). Let j = 9 + r. List the prime factors of j.
2
Let q(t) = 4*t**2 - 11*t + 4. List the prime factors of q(-5).
3, 53
List the prime factors of ((-10)/(-5) - -2)*4.
2
Let o = 1 + 34. What are the prime factors of o?
5, 7
Let t = -1 + 4. Suppose 4*d + 0*d + 5*l = 41, t*l - 7 = 2*d. Suppose 0 = -4*u - d*c + 20, -2*c - 8 = 2. What are the prime factors of u?
2, 5
Let p be ((-8)/10)/((-4)/(-30)). Let k = 1 - p. What are the prime factors of k?
7
Let h(l) = -2*l**3 - 9*l**2 + 16*l - 7. List the prime factors of h(-7).
2, 3, 7
Let v = -22 - -35. What are the prime factors of v?
13
Let t(o) = 3*o**2 - 22. List the prime factors of t(-8).
2, 5, 17
Let y = -11 - -24. What are the prime factors of y?
13
Let y(h) = -3*h - 7. Let k be y(-5). Suppose -3*v = -k*v + 80. What are the prime factors of v?
2
Let s(z) = -10 + 3 + 6*z + 4. List the prime factors of s(4).
3, 7
Suppose 34 = -3*l - 5*y, -5*l - 15 = 4*y + 20. Let s = -3 - l. Suppose 2*o = 5*k + 24, -6 = 3*k - s. What are the prime factors of o?
7
Let z(v) = -10*v - 1. Let s be z(-1). Suppose -4*r + 12 = -r. Suppose r*i = -0*c - 3*c + 27, 2*i - s = -c. What are the prime factors of c?
3
Suppose -2*c = 5*r + 4, 5*r - 4*c + 32 - 10 = 0. Let u(k) = k**2 + 2*k + 1. Let b be u(r). What are the prime factors of 0 - (-6 - (-3)/b)?
3
Let k = 51 + -36. Let r = 31 - k. List the prime factors of r.
2
Let z be -2 + (-2)/4*4. Suppose 1 = 5*a - 39. Let d = a + z. What are the prime factors of d?
2
Suppose 17 - 5 = -4*h. Let v be (-13)/2 - h/(-6). Let b = 12 + v. List the prime factors of b.
5
Let u(x) = -x**2 - 7*x + x + 0*x + 2. What are the prime factors of u(-6)?
2
Let v be -7 - 0/(-3) - -2. Let i(b) = -b**3 - 6*b**2 - 5*b + 2. Let w be i(v). List the prime factors of 1/w*-10*-2.
2, 5
Let v be 3 + -1 + 1 + 1. Suppose 0*m - 2*m + 2 = 0, -v*k + 33 = -3*m. List the prime factors of k.
3
Suppose 19 = 5*y - 1. Let r(f) = f**3 - 8*f**2 + 1. Let g be r(8). What are the prime factors of y/(8/22)*g?
11
Let u(l) = 2*l**3 - l**2 + l + 1. Let p be u(-1). Let y be (-85)/p + 6/(-18). Let o = -16 + y. What are the prime factors of o?
2, 3
Sup